4*j(k) + 11*l(k). What is v(n)?
-2
Suppose 3*k = 3*u - 33, 5*u - 2*k - 40 = 6. Let s(j) = -u*j + j**2 + 4 + 11 + 6 - 17. What is s(7)?
-3
Let z(h) = h**2 - 33*h - 18. Let i(a) = -2*a**2 + 61*a + 35. Let t(m) = -5*i(m) - 9*z(m). What is t(-3)?
20
Let c(s) = -10*s - 24*s**2 + 8*s**2 + 4 + 27*s**2 - s**3. Let l(d) = -7*d + 45. Let h be l(5). Determine c(h).
4
Let x = -15791 - -15794. Let l(g) be the second derivative of -g**4/12 + g**3/2 + 2*g**2 + 18*g. Calculate l(x).
4
Let y(p) = -p**3 + 5*p**2 - 4*p - 4. Suppose -5*c - 5*o + 10 = 0, -10*c = 6*c + 2*o - 60. Give y(c).
-4
Let w(b) = -b**3 - 8*b**2 + 8*b - 10. Let a = 73 + -209. Let i be ((0 - 3) + -3)/(8/a). Suppose 100*d - i*d - 18 = 0. Calculate w(d).
-1
Let c(a) be the third derivative of -1/60*a**5 - 5/6*a**3 - 16*a**2 + 1/3*a**4 + 0*a - 3. Give c(9).
-14
Let o(w) = 27*w + 27. Suppose -2*q - 2 = 4*k, 3*q - 42 + 43 = -4*k. Give o(k).
0
Let f(l) = -69*l - 411. Suppose 0 = -4*a - 9*i + 10*i - 22, 5*a = -4*i - 38. Determine f(a).
3
Let g be (-29)/(-5) - 4/(-40)*2. Let f be -4*8/(g - -2). Let y(i) = -3*i - 5. Determine y(f).
7
Let s = -12141 + 12143. Let k(n) be the second derivative of 0 - n + 0*n**s + 17/6*n**3. Calculate k(1).
17
Suppose 0 = 4*o - 5*z - 3, o - 21*z - 2 = -20*z. Let i(j) = -2*j**2 + 11*j - 5. Let r(f) = 2*f**2 - 10*f + 5. Let v(p) = 4*i(p) + 3*r(p). Calculate v(o).
-5
Let p(o) be the second derivative of -o + 1/12*o**4 + 5/2*o**2 + 104 - 4/3*o**3. Calculate p(6).
-7
Let a(p) = -p**2 - 5*p - 9. Let w(x) = 11*x**3 - 3*x**2 + x - 2. Let q be w(-2). Let c = 106 + q. Suppose -m - 3*m - 26 = -c*n, -23 = 3*m - 5*n. What is a(m)?
-15
Let s(p) = p**3 - 6*p**2 + 7*p - 6. Let h(l) = -11*l - 21 - 3*l**3 - 7*l**2 - 4*l**2 + 2*l**3 + 3*l. Let o be h(-11). Let w = -62 + o. What is s(w)?
4
Suppose 0*r + 10 = -5*r. Let l(g) = -35*g**2 - 3*g + 79*g**2 - 43*g**2 - 2*g + 7*g + 2. What is l(r)?
2
Let o(c) be the second derivative of c**4/12 - 5*c**2/2 + 83*c + 13. What is o(-6)?
31
Suppose -6*d + 2*d + 3*n + 37 = 0, -3*d + 29 = -n. Let q be 9/(-2) - 15/d. Let b(k) be the third derivative of k**5/60 + k**4/3 + 3*k**3/2 - 50*k**2. Give b(q).
-3
Let u(m) = -6*m - 2. Suppose 0 = -4*a + 35 + 29. Suppose -15*h + 1 - a = 0. Give u(h).
4
Let t(y) be the second derivative of -y**4/6 - 7*y**3/6 - 3*y**2/2 - 5029*y. Let a(i) = i**2 + 7*i + 1. Let n be a(-6). Calculate t(n).
-18
Let i(x) = 2*x + x - 20*x - 17 - 9*x - x**2 + 38*x. Give i(15).
-62
Let t(y) be the second derivative of y**5/60 + y**4/24 + y**3/3 + y. Let v(r) be the second derivative of t(r). Let k be 323 + -316 + (-35)/7. Give v(k).
5
Let u(z) = 4*z**2 - 9*z - 41. Let r(s) = -s**2 + 2*s + 10. Let y(c) = -9*r(c) - 2*u(c). Let q be y(4). Let a(i) = -i**3 + 7*i**2 + 8*i + 7. Determine a(q).
7
Let w(t) = -t**3 + 27*t**2 + 28*t + 27. Let a be w(28). Let q(s) = -a - 21 + 68 - 26 - s. Suppose -2*l - 6 = u, -4*u + 9 + 3 = -4*l. Calculate q(u).
-6
Let v(b) be the first derivative of 3*b**2/2 + b + 68. What is v(2)?
7
Let h(l) = l**3 - 18*l**2 + 21*l - 70. Let b be h(17). Let k be 15 + -12 + 1*2/2. Let j(q) = k*q - 6*q - q**2 + 0*q**2 - q. What is j(b)?
2
Let p(h) = 846*h - 194. Let i(w) = 707*w - 193. Let o(z) = 6*i(z) - 5*p(z). What is o(15)?
-8
Let d(b) = -23*b**3 - 1. Let g(x) = x**3 + 7*x**2 - 4*x - 25. Let z be g(-6). Suppose 46*q = z*q + 11. Calculate d(q).
-24
Let y(c) = -2171*c + 2177*c + 8 - 51 + 0. Give y(11).
23
Let t(q) be the second derivative of q**5/20 + 7*q**4/12 - 3*q**2/2 - 2*q. Suppose -3*b - 5 = -14, 4*b = -2*n - 54. Let j = n + 26. Give t(j).
-3
Let i(h) = -5*h**2 + 39*h - 31. Let d(c) = -29*c**2 + 229*c - 186. Let j(z) = -4*d(z) + 23*i(z). Give j(3).
-17
Suppose 530*c - 378*c - 4712 = 0. Let i(a) = 4*a - 114. What is i(c)?
10
Let d(k) = -24*k**2 - 4*k + 2. Let v(w) = 21*w**2 + 2*w - 1. Let l(c) = 3*d(c) + 5*v(c). Give l(-1).
36
Let a(z) = z**3 + 12*z**2 + z + 25. Suppose 179*y + 745 + 1403 = 0. Determine a(y).
13
Let f(d) = -10*d - 1. Suppose 0 = 3*y + a - 1382, 4*a + 1372 = 3*y - 0*a. Let q = 456 - y. What is f(q)?
39
Let m(b) = 2*b**2 + 1. Let o(h) = 81*h + 4. Suppose 5*d - 3*u = 2, u = -4*u - 20. Let t be o(d). Let k = t - -159. Determine m(k).
3
Let a(k) = 13*k**2 + k + 6. Let o(z) = 3*z**2 - z. Let m(x) = -a(x) + 4*o(x). Let i(n) = -5*n**2 - 2*n - 1. Let l be i(-1). What is m(l)?
-2
Let a(s) = 0*s + 32518 + s - 4*s**2 - 32519. What is a(-4)?
-69
Let l(t) = 11*t**2 + 11*t + 299. Let q(x) = -5*x**2 - 5*x - 139. Let m(c) = 6*l(c) + 13*q(c). Calculate m(3).
-1
Let w(z) = z + 1. Let r be -5 + (-51)/(((-3)/2)/3). Let f = r - 92. Calculate w(f).
6
Let c(y) = 2 + 8065*y**3 - y - 8051*y**3 + 3*y + y**2. Determine c(2).
122
Let r be (-65)/(-1) + (1 - 3). Let n(s) = 32*s - 64 + 20 + 28*s - r*s. Let q be n(-15). Let k(x) = -20*x - 1. Determine k(q).
-21
Let p(w) = -2*w**2 - 12*w + 17. Suppose -6*v = -5*m + 70, 0 = -v - 4*m + 5*m - 12. Calculate p(v).
-63
Let r(t) be the first derivative of -t**3/3 + 4*t**2 - 5*t - 1280. Determine r(10).
-25
Let o(b) = -95*b**3 + 11*b**2 - 19*b - 27. Let j(d) = 269*d**3 - 34*d**2 + 57*d + 81. Let m(i) = 6*j(i) + 17*o(i). Determine m(-18).
9
Let v(r) = -2*r - 2. Let o(w) = -19*w - 97. Suppose 2*j = 5*t + 23, 2*j = -t - 14 + 7. Let n be o(t). Calculate v(n).
2
Let i(m) = -3*m + 0 + 1 + 8*m - 7*m - 2*m**2. Let g = 147 - 85. Suppose -60*p = -g*p - 6. Determine i(p).
-11
Suppose 35*c + 5*p - 33 = 33*c, -2 = -3*c + 2*p. Let v(b) = b - 7. Calculate v(c).
-3
Let k(l) = 8*l - 25. Let m(t) be the second derivative of -5*t**3/6 + 6*t**2 - 8*t + 8. Let j(s) = -3*k(s) - 5*m(s). Calculate j(-7).
8
Let d = -726329/24 - -30264. Let u(w) be the third derivative of 0 - d*w**4 - 1/120*w**6 - 1/2*w**3 - 13*w**2 + 7/60*w**5 + 0*w. What is u(6)?
-9
Let j(v) = 2*v - 5. Let i(u) = 2*u - 6. Let s(b) = 2*i(b) - 3*j(b). Suppose 2*k + 88 + 72 = 0. Let l = k + 83. Calculate s(l).
-3
Suppose 27 = -f + l + 35, -f - 3*l = 0. Let b(s) = -6*s + 13. Let r(y) = -21*y + 45. Let d(h) = 18*b(h) - 5*r(h). Determine d(f).
-9
Let d be -2 - -3 - 3/6*-2. Suppose d*y - 4*y = -10. Let b(p) = -5*p - 1870*p**2 - y + 2 + 1871*p**2. What is b(5)?
-3
Let f(s) be the third derivative of -s**7/5040 + s**6/720 + 8*s**5/15 - 113*s**2. Let b(j) be the third derivative of f(j). Calculate b(1).
0
Let q(p) = -p + 27. Let h be q(17). Let x be (h - 0) + (-8 - -12). Let f(l) = l**2 - 14*l + 1. Give f(x).
1
Let o = -17 + 20. Let s(d) = -20*d - 13 + 15*d + o*d. What is s(-10)?
7
Let p(v) = 5*v**2 - 128*v - 134*v + v**3 + 245*v + 6*v**2 + 1 - 4*v**2. Determine p(-9).
-8
Let h(y) = y**3 + y**2 - 1. Suppose -7*o + 149 = -523. Let c = -94 + o. Calculate h(c).
11
Let h(d) be the first derivative of -2*d**3/3 + 15*d**2/2 + 7*d - 11799. Suppose -c - 4*g + 20 + 4 = 0, 5*g = 2*c + 4. What is h(c)?
-1
Suppose 0 = -8*d + 1241 + 455. Let y(c) = c**3 - 211 + d + 0*c**2 - 4*c**2. What is y(4)?
1
Let l(v) = 7*v**2 - 46*v + 18. Let i(q) = -8*q**2 + 53*q - 22. Let c(k) = 5*i(k) + 6*l(k). Calculate c(9).
61
Let k(m) = m**3 + 14*m**2 + 40*m + 1. Let f be k(-10). Let t(g) = 10*g**3 + 2*g**2 - g - 2. Determine t(f).
9
Let f(n) = -30*n + 1213. Let q(k) = 2*k - 82. Let g(w) = 2*f(w) + 29*q(w). Suppose 2*d - 15 = 27. Give g(d).
6
Let m(u) = 17*u + 3. Let y(x) = 75*x + 297. Let q(a) = 4*m(a) - y(a). Calculate q(-40).
-5
Let q = -10533 + 10533. Let g(z) be the first derivative of z**6/360 - z**5/120 + z**4/8 + 2*z**3/3 + 2. Let h(y) be the third derivative of g(y). Give h(q).
3
Let i(v) be the second derivative of v**5/20 - 5*v**4/6 + 5*v**3/3 - 4*v**2 + 792*v. Determine i(9).
1
Let y(g) be the third derivative of -g**8/20160 + g**7/1008 + g**5/20 - 78*g**2. Let t(x) be the third derivative of y(x). Calculate t(4).
4
Let u(k) be the second derivative of -k**5/20 + 4*k**4/3 + 19*k**3/6 - 39*k**2/2 - 1111*k. What is u(17)?
-5
Let m(t) = t**3 - 13*t**2 + 13*t + 2. Let o(w) = -4*w. Let v(r) = -m(r) - 3*o(r). Give v(13).
-15
Let u be 40/18 - (-2)/(-9). Suppose -224*j = -3*p - 220*j - 11, j - 8 = -p. Let f(m) = u*m + 5*m + 4*m**2 - 9*m**2 + 1 - 2 - m**p. Give f(-6).
-7
Let g = -3108 + 3107. Let k(v) = -38*v + 1. Calculate k(g).
39
Let q(p) be the third derivative of -p**5/60 + 13*p**3/6 - p**2 + 5*p - 76. Calculate q(-4).
-3
Let l be (-8)/(-4)*14*2/(-4). Let w be ((-32)/(-5))/(l/(-35)). Suppose 0